- (1 + -3).
0
What is the value of (-5 - -7) + (4 - 0)?
6
1 + (4 - (2 - -5))
-2
-21 + 27 + -11 + 0
-5
Calculate 10 + 2 + -7 + 2 + -11.
-4
Evaluate 2 + -7 - (-2 - 2).
-1
What is (-3 + 2 - -8) + -11?
-4
4 - (25 + -16 - (6 - 1))
0
Evaluate -11 - (-4 - 10 - -4).
-1
Calculate -2 - (-2 - 6 - -2).
4
Calculate -1 - 1 - -2 - (45 + -49).
4
What is the value of (-5 - (-9 - -6)) + 8?
6
0 + 0 + (-1 - (3 - -2))
-6
What is the value of (0 - 0) + -4 + 4?
0
What is 0 - (0 + -5) - 8?
-3
Calculate 4 + -3 + 1 + -1 + -1.
0
Evaluate -9 + 12 + (-5 - 0).
-2
Evaluate 2 - -5 - (1 - (2 - 0)).
8
What is 3 + 3 + -6 + -4?
-4
1 + (0 - (-10 + (5 - 0)))
6
-7 + (0 - -15 - (6 - -2))
0
What is (-6 - -7) + -1 + -3?
-3
4 - ((9 - 19) + 6)
8
What is -4 + -5 - -16 - 11?
-4
Calculate (-2 - (-3 + -2)) + (-5 - 0).
-2
Evaluate 2 - -1 - (0 - -7).
-4
What is the value of 7 - (15 - (6 - 1))?
-3
What is -8 - (-7 - -1 - 0 - -5)?
-7
What is the value of (5 + -1 - -5) + (-5 - -1)?
5
Evaluate -4 + (-4 - (3 + -10)).
-1
What is the value of 3 + -10 + -2 - -9?
0
What is (0 - -11) + -4 - 10?
-3
What is the value of (-2 - (2 + 0)) + -30 + 28?
-6
What is (4 + (-3 - 7) - -5) + 5?
4
Calculate -11 - (-9 + 4 + -1).
-5
What is -9 + 1 + (9 - 8)?
-7
What is (-2 - -1) + (-10 - -9)?
-2
Evaluate -3 - ((3 - (5 - 2)) + -3).
0
Calculate 3 - (-6 + 13 + -3).
-1
What is the value of (5 - 4) + 1 - (3 + -7)?
6
Evaluate -7 + (11 - 9) + (3 - -3).
1
-5 + 0 + (-4 + 1 - -8)
0
(13 - 9) + 1 + 0 + -1
4
-4 + (1 - (-9 + 4))
2
4 - ((2 - 3) + 20 + -8)
-7
Calculate 5 - -4 - (6 + 3).
0
What is the value of 1 - (2 + -9 - -10)?
-2
5 + -11 - -4 - (1 + -1)
-2
(-2 + -6 - (-18 + 6)) + 4
8
Evaluate 2 + -2 + (-3 - -5 - -2).
4
Evaluate 1 - (2 + (4 - 1) + -2).
-2
What is the value of -6 + 16 + -7 - 9?
-6
What is -2 + (16 - (3 + 4)) - 0?
7
What is 3 + -6 + 0 + 1?
-2
Evaluate 1 + -5 + 0 - (11 - 14).
-1
6 - (-2 - (-4 + -3 + 4))
5
Calculate -1 + -4 + 5 - (1 - 6).
5
What is the value of -9 + (8 - -1) - 8?
-8
What is the value of 7 - (5 + -5 + (1 - -3))?
3
What is 5 - 0 - 14 - -2?
-7
Calculate (-15 - -8) + -1 + 5.
-3
-3 + 9 - ((4 - 1) + -2)
5
What is (21 - 31) + (-1 - -3)?
-8
Evaluate 6 + (-6 - -2) - (-1 - -2).
1
-4 + 11 + -3 + 1 + 0
5
What is (-2 - (-4 - -1)) + 11 + -10?
2
-4 + 0 - 2 - -6
0
Evaluate -2 + -4 + 13 - (5 + 0).
2
What is 7 + -11 + 12 - (-3 - -2)?
9
(-5 - -4) + (0 - 3)
-4
3 + -16 - (-3 + -6)
-4
-8 + 12 + 0 + -1 + -7
-4
What is -7 - (-10 - (-4 - -4))?
3
What is the value of -1 - (16 - (-6 + 16))?
-7
What is the value of 3 + -6 + (12 - 3)?
6
Evaluate (0 + 4 - (22 + -18)) + 0.
0
-4 - 2 - (-3 + (0 - 0))
-3
What is (-2 + -5 - -1) + 0 + 4?
-2
9 + 2 - (4 - (2 + -3))
6
Calculate -1 - (-2 + 0 - -1) - 1.
-1
Evaluate 3 + -6 + 3 + 1 + 2.
3
1 + -1 - (10 - 3 - 7)
0
Evaluate (-51 - -54) + (0 + -1 - 11).
-9
What is the value of 9 - 14 - (-10 + 1)?
4
13 + (8 - 22) + (0 - 0)
-1
(-1 - -2) + (7 - 3)
5
What is -2 + 2 + -4 + 5?
1
What is -2 - (-8 + 1 + 3 + -1)?
3
What is -10 - (-7 - (-7 + 8))?
-2
Evaluate -6 + (1 - -1) + -2 - -4.
-2
What is 0 + 0 - (-2 + 2 - -2)?
-2
8 + (-3 - -10) + -8
7
Calculate -2 + 5 + -1 + 2.
4
What is the value of 3 - 1 - (8 + -7) - 4?
-3
Calculate (-3 - 1) + 2 + -4 + 6.
0
What is the value of 9 - (-10 + 9 + 4)?
6
-7 - (-6 - (2 + -5 - 1))
-5
Evaluate (20 - 12) + -1 + -2.
5
-5 - (-5 + 3) - -5
2
Evaluate (-5 - -9) + -3 + 3.
4
What is (6 - 6) + (-8 - -9)?
1
What is the value of -4 - (0 + -4) - 4?
-4
What is (-4 - 1) + -12 + 13?
-4
What is the value of (-12 - -1) + (68 - 52)?
5
What is the value of (3 - (0 + 3)) + (-27 - -26)?
-1
What is 1 + 2 + 1 - (16 - 13)?
1
8 - (-2 - (-11 + 5))
4
Calculate -8 + 0 + 4 + (0 - 1).
-5
What is 3 + 1 + -2 + (0 - -2)?
4
What is (-3 + -3 - -12) + (1 - 3)?
4
(4 - (7 - 6)) + -6 - 2
-5
-2 + 2 - ((2 - 3) + 7)
-6
What is the value of 9 + (-3 - (-2 + 0) - 3)?
5
Calculate 5 - (0 - (1 - 2)) - 2.
2
What is -6 - -10 - 7 - 4 - -6?
-1
What is 1 + -3 + 1 + (0 - -1)?
0
What is the value of 2 + 1 + 5 + 1 + -5?
4
What is -2 + (-2 - 1) + 1 + 8?
4
Calculate -1 - (-7 + 2 - (4 + -3)).
5
What is 0 + -3 - (-6 - -4)?
-1
Evaluate (1 - 3) + (-3 - -3 - -7).
5
Evaluate (3 - 8 - -1) + 4.
0
Calculate 0 + (-1 - 1) + 3.
1
What is the value of 12 + (11 - 11) + -5?
7
What is 4 + -19 + (2 - -9)?
-4
Evaluate -1 + -1 + 3 - 0.
1
-2 + 18 + -8 + -1
7
Evaluate 3 - (-8 + (3 - -1)).
7
What is the value of 11 + -5 + -3 + -3?
0
Calculate 4 + -15 + (8 - 4).
-7
What is 5 - -4 - (-1 + 14)?
-4
Evaluate (-1 - (20 - 19)) + (-4 - -1).
-5
Calculate 9 + 0 + (-6 - 3) + 2.
2
Calculate -1 - 1 - (2 + 1).
-5
Evaluate -2 - (-1 + 0 - 0).
-1
Calculate (-1 - -3) + 3 + -9 + 3.
-1
Evaluate -2 + 6 - (-3 + 2 - -5).
0
What is the value of (-1 - -1) + -8 + 10?
2
Calculate (-2 - -4) + 3 + -5 + 7.
7
What is the value of -1 + 0 - (-14 - -8)?
5
Calculate -16 - -10 - (-5 - -1) - -3.
1
Evaluate 6 + (-1 - (-1 + 5)).
1
Calculate 11 + (-2 - 4) + (20 - 19).
6
25 + -20 + (-12 - -1)
-6
Evaluate -35 + 37 - (-1 - -7).
-4
What is the value of ((5 - -1) + -4 - 1) + -5?
-4
Evaluate (5 - 5) + (1 - 0).
1
Calculate -2 - ((4 - (12 + -5)) + -3).
4
6 - 1 - (-11 - -13)
3
What is the value of 0 + -4 + 3 + -1?
-2
What is the value of -3 + (-6 - -10) + (2 - 7)?
-4
Evaluate -1 + -1 - (0 + -2).
0
What is 0 + (6 - 2) - 3?
1
2 + -7 - ((-2 - 0) + -9)
6
Evaluate -5 + 2 + -7 + 6.
-4
What is (4 - -6) + -18 + 3?
-5
What is the value of 1 + 18 - (22 - 11)?
8
What is 111 + -109 + 1 + 1?
4
Evaluate 3 + -1 - (13 + -16) - 2.
3
What is 26 + -28 + (2 - (-1 + 2))?
-1
What is 3 - (5 - (21 + -6 + -6))?
7
What is the value of (-3 - 3 - -1) + 0?
-5
What is 0 + -5 + (-9 - (5 + -14))?
-5
Calculate 2 - 8 - (-4 + 4).
-6
Evaluate 2 + 3 - (3 + 3 - 4).
3
What is the value of 4 + (2 + 0 - 10)?
-4
Evaluate -1 + (-10 - -6) + 4.
-1
What is -1 + -4 + 3 + 2 + -6?
-6
What is the value of -1 - (1 + (-3 - -3)) - 0?
-2
What is the value of (-8 + 9 - -6) + -4?
3
0 + -4 + 8 + 0 + -1
3
What is the value of -2 - ((-3 - -13 - -1) + -6)?
-7
0 - 2 - 0 - (-3 + -1)
2
What is -9 + 18 - (7 - 0)?
2
What is the value of (1 - 2) + -2 - (-42 - -42)?
-3
-24 - -20 - (1 - 2)
-3
7 - (-8 + 4 + 8)
3
Calculate -3 - (-5 + 5 - 5 - -7).
-5
-5 - 5 - (-1 - 7)
-2
(-7 + 3 - -3) + 3 + 0
2
What is -1 + -4 + 0 - (3 - 6)?
-2
What is 2 + 0 + -3 + -2?
-3
-2 + 5 - (5 + 2)
-4
Calculate 4 + (-1 - 9 - -4).
-2
-7 + 15 + -1 - 6
1
What is 3 + 1 + (2 - 12)?
-6
Calculate (4 - (-5 + 11)) + 0 + -1.
-3
(-1 - -3 - (2 + 2)) + -2
-4
Evaluate -3 - (0 - (5 - 2)).
0
(4 - (0 - -8) - -3) + -1
-2
Evaluate -14 + 16 + (4 + 1 - -1).
8
What is (0 - -1) + 1 + -1 + -1?
0
Evaluate (-3 - -5) + 4 + -3 - 1.
2
Evaluate -2 + (8 - 0) + -10.
-4
What is -12 + 11 + (-2 - (1 - -1))?
-5
-7 + 9 + (9 - 5)
6
What is the value of (-21 - -24) + (-5 - 3)?
-5
What is the value of 3 + (1 - 0) + 2 + -2?
4
Evaluate -4 + 4 + -2 + 5.
3
Calculate 4 + 9 + 3 - 9.
7
(-2 - -4) + (-3 - 9 - -6)
-4
-4 - -6 - (-1 - 0)
3
Evaluate 2 + -8 - -11 - 3.
2
What is 4 + (-2 - 5 - -2)?
-1
What is 0 + (6 - 6) - (0 + 3)?
-3
Evaluate -5 - (0 + -2 - 0) - -8.
5
What is (5 - 8) + (0 - 0)?
-3
What is the value of 11 + -13 - (-8 - 1 - -1)?
6
(-2 - 3 - -4) + 0
-1
What is the value of 3 + (0 - -2 - 6)?
-1
Calculate 6 - (3 + 0 - 4).
7
Calculate (-2 - (0 + -2 - 8)) + -8.
0
-4 + 21 + -15 + 0 + 0
2
Evaluate (-15 - -1) + 0 + 0 + 6.
-8
Calculate 4 + -3 + -1 - -4.
4
Evaluate 15 + -12 + 0 + -2.
1
Calculate 1 + 1 + -4 + -4 - -8.
2
Calculate (-3 + 3 + 8 - 0) + -1.
7
What is 4 + 0 + 0 + -2 + 3?
5
-4 + 13 - (4 - 0)
5
What is 2 + (-2 - (-4 - (4 + -6)))?
2
What is the value of 1 - -4 - (-30 + 32)?
3
-2 + 0 - (-10 + (12 - 1))
-3
What is the value of (6 - (5 + -2)) + -8?
-5
What is -5 - (-13 + 7) - 0?
1
Calculate 2 + ((-7 - 3) + 1 - -3).
-4
Calculate 6 + 1 + -3 + -3 + 0.
1
What is the value of 7 - (6 - 0) - -2?
3
-5 - (0 - (0 + -3))
-8
What is the value of 6 + -10 - -5 - (-3 - 1)?
5
What is 4 - 0 - (12 + -10)?
2
Calculate -1 - -1 - (-41 + 46).
-5
What is the value of 1 + 1 - (1 + 1)?
0
-1 - (2 + -1 + -6 - -3)
1
What is the value of (2 - 0) + -6 - (-3 - -1)?
-2
Evaluate (4 - 5) + 2 - (-2 + 1).
2
What is 11 + -7 - 7 - -6?
3
What is the value of 1 - (-5 - -7 - -1)?
-2
What is 1 - 5 - (-8 + 7 + -3)?
0
What is the value of -8 - (-7 + (3 - 3) + 6)?
-7
What is the value of -3 + (-1 - (7 + -16))?
5
What is -8 - (-6 + (-4 - -4) - -7)?
-9
What is the value of 20 - (-1 + -10